5*i**3 - 9*i**2 - 15*i + 3. Let o(r) = 13*r**3 - 27*r**2 - 45*r + 8. Let t(d) = 3*o(d) - 8*p(d). Give t(-6).
-18
Let q(i) be the third derivative of i**5/60 + i**4/3 + 2*i**3 + 1499*i**2. Give q(-2).
0
Let h(i) = i**3 + 12*i**2 + 17*i - 24. Suppose 5*t = -5*g - 65, 2*g = -0*g - 3*t - 29. Let k be h(g). Let m(n) = 4*n + 2. What is m(k)?
26
Let v(u) = -u - 8. Suppose 5*c + 15 = 0, 2*c + 0*c = a + 389. Let s = 380 + a. Calculate v(s).
7
Let d(q) = -2*q - 26. Let i be (-163 - -196)/(1 - -2). Calculate d(i).
-48
Let i(k) = -259*k - 21. Let v(h) = 157*h + 10. Let u(z) = 3*i(z) + 5*v(z). What is u(-8)?
-77
Let v(z) = 20*z + 7. Let s(a) be the first derivative of -3*a**2 - 2*a + 35. Let o(r) = 7*s(r) + 2*v(r). What is o(7)?
-14
Let b = 60 - -189. Let x(k) = -b + 494 + 17*k - 7*k**2 - 251. Let w(l) = -3*l**2 + 8*l - 3. Let p(c) = 5*w(c) - 2*x(c). Give p(5).
2
Let w(m) = -m**3 + 3*m**2 + m + 9. Let x(c) = -6*c - 88. Let r be x(-16). Suppose 0 = -j + 4*b - r, 14 - 36 = -4*j - 2*b. What is w(j)?
-3
Let k(t) = -t**2 + 17*t - 44. Suppose -1232 = 9*i - 1331. What is k(i)?
22
Let w(n) = -5*n - 2. Suppose 0 = -5*t + 3*z, -4*z = -t + 76 - 59. Let m(u) be the first derivative of 5*u**2/2 + u + 1. Let q(r) = t*m(r) - 2*w(r). Give q(2).
-9
Let p = 1 + -3. Let z(l) = 31*l**2 - 15*l - 6. Let a(h) = -13*h**2 + 7*h + 3. Let j(c) = 7*a(c) + 3*z(c). Calculate j(p).
3
Suppose -5*s = -3*t - 65, -3*t + 2263 = s + 2304. Let z(v) = 2*v - 38. Determine z(t).
-68
Let p(j) = -110*j - 115*j - 109*j + 9 + 325*j - 11*j**2. What is p(1)?
-11
Let m(w) be the third derivative of -w**4/4 + w**3/3 - w**2. Let o be 1/(2/54*9). Suppose -h - o*t - 7 = 0, -4*h + 3*t = -16 - 1. Calculate m(h).
-10
Let z(c) = -18 + 20 - 14*c - 13 - 31. What is z(-3)?
0
Let z be -4*(-2)/16*-4. Let l(a) = 7*a**3 - 88*a**2 - 5*a - 3. Let h(r) = 3*r**3 - 35*r**2 - 2*r - 1. Let t(b) = 10*h(b) - 4*l(b). What is t(z)?
-6
Suppose -4*b + w + 15 = 0, -2*w + 1 = -w. Suppose 2*x = b*i + 372, -5*x - 194 = 2*i - 2*x. Let r = i + 95. Let n(o) = -20*o. Determine n(r).
-20
Let i(c) = -c + 37. Suppose -13858 = 129*x - 586*x + 9906. Give i(x).
-15
Let r(b) = -14*b - 25. Let q(c) = -28*c - 64. Let p(j) = -2*q(j) + 5*r(j). Determine p(5).
-67
Let g(t) = -6*t + 18. Let c(o) = 12*o - 35. Let q(x) = 25*x - 73. Let a(s) = -13*c(s) + 6*q(s). Let i(w) = -7*a(w) + 6*g(w). Determine i(2).
1
Let u(j) = -j**3 + 3*j**2 + 4. Suppose 0 = -4*d - 144 + 828. Let x = d - 167. Calculate u(x).
-12
Let z(t) = -t**2 - 24*t - 55. Let x be z(-22). Let r(w) = 17*w - 7. Let d(b) = -33*b + 13. Let i(u) = x*r(u) - 6*d(u). What is i(1)?
10
Let n(u) be the third derivative of -u**2 + 33*u + 1/6*u**3 + 0 - 13/60*u**5 - 1/12*u**4. Calculate n(1).
-14
Let b be 0 - -3 - 28/(-4). Let r(m) = m**2 - 14*m + 11. Calculate r(b).
-29
Let h(n) be the second derivative of -1/20*n**5 + 0 - 1/360*n**6 + 0*n**4 + 0*n**2 + 13/6*n**3 + 10*n. Let a(o) be the second derivative of h(o). Give a(-4).
8
Let z(f) = -f**2 + 4*f - 6. Let g(m) = -m**3 - 2*m**2 + 2*m. Let d be g(-2). Let j be (1*2/d)/((-5)/40). Determine z(j).
-6
Let u = -1 + 6. Let i be (-36)/(-44) + 4 + 252/(-66). Suppose -5*d = u*n + 14 + i, 3 = d. Let p(o) = o + 5. What is p(n)?
-1
Let n(x) = -2*x - 9. Let v be n(-6). Let c(m) = -130*m**3 - 3*m**2 - m + 2. Let b(u) = -97*u**3 - 3*u**2 - u + 1. Let t(k) = -4*b(k) + 3*c(k). What is t(v)?
-22
Suppose 24 = v - 5*v. Let x(r) be the first derivative of 7/2*r**2 - 5*r - 1/4*r**4 + 84 - 5/3*r**3. Give x(v).
-11
Let f(b) = 42*b**3 + 11*b**2 - 27*b - 51. Let t(c) = -23*c**3 - 7*c**2 + 14*c + 26. Let j(i) = -6*f(i) - 11*t(i). Calculate j(-11).
-68
Let g be (-5)/(-10)*(-1 + (-2)/(-2)). Let s(o) = g + 5 - 30*o**3 - o + 4*o**2 + 29*o**3. Calculate s(4).
1
Let d(m) = 2*m**3 - m**2 + m. Let p(g) = 7*g**3 - 10*g**2 - 28*g + 20. Let v(a) = -3*d(a) + p(a). Determine v(10).
10
Let q be 4*8/(-12)*(-3)/2. Let k(n) be the second derivative of -8 - n + 1/2*n**2 + 1/6*n**3. Determine k(q).
5
Suppose 0 = 60*g - 65*g + 25, 0 = -2*r - g + 9. Let p be 4 - 0/((-9)/(-3)). Let c(k) = -7*k + p*k**3 - 3*k**3 + 2*k**r + 5*k**2. Calculate c(-8).
-8
Let a(p) = 7*p - 152406 + 152314 + 3*p. Give a(7).
-22
Let x(l) = -l + 12. Let z be x(-5). Suppose 4*q = -r - z, -2*q + 7*q + 35 = -4*r. Let i = 2 + q. Let a(h) = -9*h. Calculate a(i).
9
Suppose 18*y + 20 = 23*y. Let q be (-3 + (-21)/(-6))/(y/16). Let v(u) = -u**2 - 5*u**2 - q*u + 523 - 521. Calculate v(-2).
-18
Suppose k = -2*k - 9. Let a(x) be the third derivative of x**6/120 + x**5/30 - x**4/12 + 2*x**3/3 + 2*x**2 - 108*x - 52. Determine a(k).
1
Let u(j) = 2 - 6 + 2 + 3 - 3*j. Let h(f) = -f. Let d(p) = -17*h(p) + 6*u(p). Suppose -29*q = -23*q - 36. Give d(q).
0
Let s = 33 - 28. Suppose -18*y + 181 - 55 = 0. Let a(m) = 3 - 4*m + 7*m - y + s. Give a(3).
10
Let j(b) = 94*b**3 + b**2. Suppose -3*c + 4*r = 27, -2*r - 1286 + 1302 = -4*c. Calculate j(c).
-93
Let i = 7 - 4. Let p(k) be the first derivative of -k**3/3 + 3*k**2 - 4*k + 5931. Calculate p(i).
5
Let x(h) = 6*h**2 - 5*h**2 + 13*h - 21*h - 23. Let t be x(11). Suppose -15*o + t*o = 10. Let k(l) = 3*l**2 + 2*l - 2. Give k(o).
6
Let g(w) = 2*w**3 + 8*w**3 - w**3 + 2*w - 1 + 6*w**3. Let s = -183 + 184. Give g(s).
16
Let p(o) = -o**2 + 3*o - 4. Let h(d) = 7*d**2 - 13*d - 57. Let x(w) = h(w) + 6*p(w). What is x(6)?
-15
Let v(t) = -t**3 - 12*t**2 - 11*t - 13. Let n be 3/9 + 1768/24 + -1. Let k = n + -84. What is v(k)?
-13
Let s(x) = x**3 - 6*x**2 - 7*x + 6. Suppose -4*l - 3*y = 7, 2*y + 7 + 3 = 0. Let a(h) = -h**3 - h**2 + h + 1. Let j(p) = l*a(p) + s(p). What is j(-7)?
-6
Let g(z) = -z**3 + z**2 + z + 2. Let d(n) = -5*n**2 - 17*n + 12. Let q = 518 - 522. Let y be d(q). What is g(y)?
2
Let m = -13 + 16. Let n be ((-4)/(-6))/(16/m + -6). Let y be 10*-3*n/6. Let q(p) = -2*p**2 + 8*p - 3. What is q(y)?
-13
Suppose 4*a + 322*x - 320*x = 28, -5*a - 5*x + 45 = 0. Let n(b) = -b**3 + 4*b**2 - b + 8. Determine n(a).
-22
Let y(b) = 39*b - 7. Let p be y(3). Let j = p - 113. Let q be ((-1)/j)/((-8)/96). Let r(v) = -v - 3. What is r(q)?
1
Let z(a) be the first derivative of 3*a**2 - a + 4. Suppose 7*h + 871 + 214 = 0. Let n = h - -157. Give z(n).
11
Let u(o) = 0*o - 2*o - 12*o. Let l be 6 - (0 - (0 - 1)). Suppose -50*p = -45 - l. Determine u(p).
-14
Let h(x) = -570*x - 1702. Let o be h(-3). Let f(k) = k**2 + 11*k - 148. What is f(o)?
4
Let s be (-9)/36*-20 + -1. Let i(x) = s - x**3 + 35*x**2 - 36*x**2 - 6*x + 2*x - 6 + 3*x. Determine i(-2).
4
Suppose f + d = -118 + 126, -2*d = -3*f + 49. Let n(s) = s**2 - 21*s + 103. Calculate n(f).
-1
Let j(t) = -511 + 1019 - 507. Let g(z) = -2*z - 1. Let q(u) = g(u) + 2*j(u). Calculate q(5).
-9
Let l(c) = -c + 3. Let a(y) = -y + 12. Let o be (3/(1*(-3)/(-14)))/1. Let q be a(o). What is l(q)?
5
Let j be (-21)/14 - 3300/(-8). Let h = j + -415. Let i(o) = o**2 - 4. Calculate i(h).
12
Let z(l) = -3*l**2 - 27*l - 11. Suppose g - 4*o - 122 = -127, 25 = -3*g + 2*o. Determine z(g).
-11
Suppose -2*t = 3*s - 7*s - 190, -5*s - 251 = 2*t. Let j = 52 + s. Suppose n - 17 = j*n + 5*v, -5*v = 25. Let p(z) = z**2 - 3*z. Determine p(n).
4
Let s(o) be the third derivative of o**6/120 + 7*o**5/30 + 2*o**4/3 + o**3 + 3*o**2 + 50. What is s(-13)?
-33
Let d(b) = -b**2 - 5*b + 15. Let h(c) = 142*c + 6398. Let k be h(-45). What is d(k)?
-89
Suppose 0 = 169*m - 164*m - 15. Let c(y) = 3 - 467*y**m - 7*y**2 + 4 + 236*y**3 + 232*y**3. Suppose -14 = -o - o. Determine c(o).
7
Suppose 0 = 7*i - 4*c + 58, 3*c + 794 = 3*i + 833. Let z(s) = s**3 + 4*s**2 - 7*s - 9. Let g(h) = 2*h**2 - 3*h - 4. Let l(j) = -9*g(j) + 4*z(j). Calculate l(i).
-38
Let b(l) = -4*l**2 - 14*l - 6. Let w(j) = 3*j**2 + 12*j + 5. Let c = -149 - -55. Let p = 92 + c. Let s(a) = p*b(a) - 3*w(a). Determine s(-8).
-3
Suppose -2*t - 6*t = 48. Let p(a) be the third derivative of -a**5/60 + a**4/24 - 19*a**3/6 - 22*a**2. Let x(i) be the first derivative of p(i). Determine x(t).
13
Let f(c) = -c**3 + 12*c**2 - 10*c + 1. Suppose 0 = -3*p - 236 + 269. Give f(p).
12
Let q = -227 - -242. Let t(r) = -2 + 11*r + 0*r - q*r. Give t(8).
-34
Let n(p) = -2*p**2 + 13*p - 10. Suppose 17*h + 29 = -39. Let c(v) = -v**2 + 4*v - 3. Let b(i) = h*n(i) + 11*c(i). Calculate b(-4).
-9
Let q(z) = -13*z**3 - 33*z**2 + 46*z - 20. Let i(o) = 15*o**3 + 32*o**2 - 40*o + 24. Let k